{"id":9360,"date":"2024-06-20T14:26:33","date_gmt":"2024-06-20T12:26:33","guid":{"rendered":"https:\/\/juvigo.fr\/magazine\/?page_id=9360"},"modified":"2025-10-07T17:28:50","modified_gmt":"2025-10-07T15:28:50","slug":"devenir-animateur","status":"publish","type":"page","link":"https:\/\/juvigo.fr\/magazine\/devenir-animateur\/","title":{"rendered":"Devenir animateur"},"content":{"rendered":"\n<p>Tu souhaites passer de l\u2019autre c\u00f4t\u00e9 du miroir et d\u00e9couvrir les secrets des colonies de vacances ? Tu veux faire ton stage BAFA dans une colo ou un s\u00e9jour linguistique et devenir animateur ? Alors il y a pleins de possibilit\u00e9s !<\/p>\n\n\n\n<p>Juvigo est une agence ind\u00e9pendante de colonies de vacances et nous n\u2019organisons pas les s\u00e9jours que nous proposons sur notre site.<\/p>\n\n\n\n<p>Si vous \u00eates int\u00e9ress\u00e9 par le m\u00e9tier d\u2019animateur\/trice de colonies de vacances pour enfants et adolescents, veuillez nous envoyer un email \u00e0&nbsp;<a href=\"mailto:contact@juvigo.fr\">contact@juvigo.fr<\/a>. Dans l\u2019id\u00e9al, pr\u00e9cisez le type de s\u00e9jour qui vous int\u00e9resse, la r\u00e9gion dans laquelle vous souhaitez travailler ou la r\u00e9gion de laquelle vous venez. Nous redirigerons alors votre demande vers l\u2019organisateur du s\u00e9jour correspondant.<\/p>\n\n\n\n<p>Vous pouvez aussi contacter directement tous les organisateurs de voyage avec lesquels nous travaillons en vous rendant directement\u00a0<a href=\"https:\/\/juvigo.fr\/magazine\/partenaires-juvigo\/\">sur la page partenaire<\/a>\u00a0de notre site internet.<\/p>\n","protected":false},"excerpt":{"rendered":"<p>Tu souhaites passer de l\u2019autre c\u00f4t\u00e9 du miroir et d\u00e9couvrir les secrets des colonies de vacances ? Tu veux faire ton stage BAFA dans une colo ou un s\u00e9jour linguistique et devenir animateur ? Alors il y a pleins de possibilit\u00e9s ! Juvigo est une agence ind\u00e9pendante de colonies de vacances et nous n\u2019organisons pas [&hellip;]<\/p>\n","protected":false},"author":3,"featured_media":9346,"parent":0,"menu_order":0,"comment_status":"closed","ping_status":"closed","template":"","meta":{"advgb_blocks_editor_width":"","advgb_blocks_columns_visual_guide":"","footnotes":"","_links_to":"","_links_to_target":""},"categories":[],"tags":[],"class_list":["post-9360","page","type-page","status-publish","has-post-thumbnail","hentry"],"yoast_head":"<!-- This site is optimized with the Yoast SEO plugin v24.8.1 - https:\/\/yoast.com\/wordpress\/plugins\/seo\/ -->\n<title>Devenir animateur - Juvigo Magazine<\/title>\n<meta name=\"description\" content=\"Tu veux valider ton BAFA ? D\u00e9couvre comment devenir animateur en colonies de vacances avec Juvigo et rejoins nos partenaires.\" \/>\n<meta name=\"robots\" content=\"index, follow, max-snippet:-1, max-image-preview:large, max-video-preview:-1\" \/>\n<link rel=\"canonical\" href=\"https:\/\/juvigo.fr\/magazine\/devenir-animateur\/\" \/>\n<meta property=\"og:locale\" content=\"fr_FR\" \/>\n<meta property=\"og:type\" content=\"article\" \/>\n<meta property=\"og:title\" content=\"Devenir animateur - Juvigo Magazine\" \/>\n<meta property=\"og:description\" content=\"Tu veux valider ton BAFA ? D\u00e9couvre comment devenir animateur en colonies de vacances avec Juvigo et rejoins nos partenaires.\" \/>\n<meta property=\"og:url\" content=\"https:\/\/juvigo.fr\/magazine\/devenir-animateur\/\" \/>\n<meta property=\"og:site_name\" content=\"Magazine\" \/>\n<meta property=\"article:publisher\" content=\"https:\/\/de-de.facebook.com\/meinjuvigo\" \/>\n<meta property=\"article:modified_time\" content=\"2025-10-07T15:28:50+00:00\" \/>\n<meta property=\"og:image\" content=\"https:\/\/juvigo.fr\/magazine\/wp-content\/uploads\/2024\/06\/camping-4303357_1920.jpg\" \/>\n\t<meta property=\"og:image:width\" content=\"1920\" \/>\n\t<meta property=\"og:image:height\" content=\"1080\" \/>\n\t<meta property=\"og:image:type\" content=\"image\/jpeg\" \/>\n<meta name=\"twitter:card\" content=\"summary_large_image\" \/>\n<meta name=\"twitter:site\" content=\"@meinjuvigo\" \/>\n<meta name=\"twitter:label1\" content=\"Est. reading time\" \/>\n\t<meta name=\"twitter:data1\" content=\"1 minute\" \/>\n<script type=\"application\/ld+json\" class=\"yoast-schema-graph\">{\"@context\":\"https:\/\/schema.org\",\"@graph\":[{\"@type\":\"WebPage\",\"@id\":\"https:\/\/juvigo.fr\/magazine\/devenir-animateur\/\",\"url\":\"https:\/\/juvigo.fr\/magazine\/devenir-animateur\/\",\"name\":\"Devenir animateur - Juvigo Magazine\",\"isPartOf\":{\"@id\":\"https:\/\/juvigo.fr\/magazine\/#website\"},\"primaryImageOfPage\":{\"@id\":\"https:\/\/juvigo.fr\/magazine\/devenir-animateur\/#primaryimage\"},\"image\":{\"@id\":\"https:\/\/juvigo.fr\/magazine\/devenir-animateur\/#primaryimage\"},\"thumbnailUrl\":\"https:\/\/juvigo.fr\/magazine\/wp-content\/uploads\/2024\/06\/camping-4303357_1920.jpg\",\"datePublished\":\"2024-06-20T12:26:33+00:00\",\"dateModified\":\"2025-10-07T15:28:50+00:00\",\"description\":\"Tu veux valider ton BAFA ? D\u00e9couvre comment devenir animateur en colonies de vacances avec Juvigo et rejoins nos partenaires.\",\"breadcrumb\":{\"@id\":\"https:\/\/juvigo.fr\/magazine\/devenir-animateur\/#breadcrumb\"},\"inLanguage\":\"fr\",\"potentialAction\":[{\"@type\":\"ReadAction\",\"target\":[\"https:\/\/juvigo.fr\/magazine\/devenir-animateur\/\"]}]},{\"@type\":\"ImageObject\",\"inLanguage\":\"fr\",\"@id\":\"https:\/\/juvigo.fr\/magazine\/devenir-animateur\/#primaryimage\",\"url\":\"https:\/\/juvigo.fr\/magazine\/wp-content\/uploads\/2024\/06\/camping-4303357_1920.jpg\",\"contentUrl\":\"https:\/\/juvigo.fr\/magazine\/wp-content\/uploads\/2024\/06\/camping-4303357_1920.jpg\",\"width\":1920,\"height\":1080},{\"@type\":\"BreadcrumbList\",\"@id\":\"https:\/\/juvigo.fr\/magazine\/devenir-animateur\/#breadcrumb\",\"itemListElement\":[{\"@type\":\"ListItem\",\"position\":1,\"name\":\"Juvigo-Magazine\",\"item\":\"https:\/\/juvigo.fr\/magazine\/\"},{\"@type\":\"ListItem\",\"position\":2,\"name\":\"Devenir animateur\"}]},{\"@type\":\"WebSite\",\"@id\":\"https:\/\/juvigo.fr\/magazine\/#website\",\"url\":\"https:\/\/juvigo.fr\/magazine\/\",\"name\":\"Magazine\",\"description\":\"Magazine Juvigo - Ton magazine sur les colonies de vacances et s\u00e9jours linguistiques.\",\"publisher\":{\"@id\":\"https:\/\/juvigo.fr\/magazine\/#organization\"},\"potentialAction\":[{\"@type\":\"SearchAction\",\"target\":{\"@type\":\"EntryPoint\",\"urlTemplate\":\"https:\/\/juvigo.fr\/magazine\/?s={search_term_string}\"},\"query-input\":{\"@type\":\"PropertyValueSpecification\",\"valueRequired\":true,\"valueName\":\"search_term_string\"}}],\"inLanguage\":\"fr\"},{\"@type\":\"Organization\",\"@id\":\"https:\/\/juvigo.fr\/magazine\/#organization\",\"name\":\"Juvigo GmbH\",\"url\":\"https:\/\/juvigo.fr\/magazine\/\",\"logo\":{\"@type\":\"ImageObject\",\"inLanguage\":\"fr\",\"@id\":\"https:\/\/juvigo.fr\/magazine\/#\/schema\/logo\/image\/\",\"url\":\"https:\/\/juvigo.fr\/magazine\/wp-content\/uploads\/2022\/02\/magazine_logo_scaled.png\",\"contentUrl\":\"https:\/\/juvigo.fr\/magazine\/wp-content\/uploads\/2022\/02\/magazine_logo_scaled.png\",\"width\":240,\"height\":100,\"caption\":\"Juvigo GmbH\"},\"image\":{\"@id\":\"https:\/\/juvigo.fr\/magazine\/#\/schema\/logo\/image\/\"},\"sameAs\":[\"https:\/\/de-de.facebook.com\/meinjuvigo\",\"https:\/\/x.com\/meinjuvigo\",\"http:\/\/instagram.com\/juvigo_de\/\"]}]}<\/script>\n<!-- \/ Yoast SEO plugin. -->","yoast_head_json":{"title":"Devenir animateur - Juvigo Magazine","description":"Tu veux valider ton BAFA ? D\u00e9couvre comment devenir animateur en colonies de vacances avec Juvigo et rejoins nos partenaires.","robots":{"index":"index","follow":"follow","max-snippet":"max-snippet:-1","max-image-preview":"max-image-preview:large","max-video-preview":"max-video-preview:-1"},"canonical":"https:\/\/juvigo.fr\/magazine\/devenir-animateur\/","og_locale":"fr_FR","og_type":"article","og_title":"Devenir animateur - Juvigo Magazine","og_description":"Tu veux valider ton BAFA ? D\u00e9couvre comment devenir animateur en colonies de vacances avec Juvigo et rejoins nos partenaires.","og_url":"https:\/\/juvigo.fr\/magazine\/devenir-animateur\/","og_site_name":"Magazine","article_publisher":"https:\/\/de-de.facebook.com\/meinjuvigo","article_modified_time":"2025-10-07T15:28:50+00:00","og_image":[{"width":1920,"height":1080,"url":"https:\/\/juvigo.fr\/magazine\/wp-content\/uploads\/2024\/06\/camping-4303357_1920.jpg","type":"image\/jpeg"}],"twitter_card":"summary_large_image","twitter_site":"@meinjuvigo","twitter_misc":{"Est. reading time":"1 minute"},"schema":{"@context":"https:\/\/schema.org","@graph":[{"@type":"WebPage","@id":"https:\/\/juvigo.fr\/magazine\/devenir-animateur\/","url":"https:\/\/juvigo.fr\/magazine\/devenir-animateur\/","name":"Devenir animateur - Juvigo Magazine","isPartOf":{"@id":"https:\/\/juvigo.fr\/magazine\/#website"},"primaryImageOfPage":{"@id":"https:\/\/juvigo.fr\/magazine\/devenir-animateur\/#primaryimage"},"image":{"@id":"https:\/\/juvigo.fr\/magazine\/devenir-animateur\/#primaryimage"},"thumbnailUrl":"https:\/\/juvigo.fr\/magazine\/wp-content\/uploads\/2024\/06\/camping-4303357_1920.jpg","datePublished":"2024-06-20T12:26:33+00:00","dateModified":"2025-10-07T15:28:50+00:00","description":"Tu veux valider ton BAFA ? D\u00e9couvre comment devenir animateur en colonies de vacances avec Juvigo et rejoins nos partenaires.","breadcrumb":{"@id":"https:\/\/juvigo.fr\/magazine\/devenir-animateur\/#breadcrumb"},"inLanguage":"fr","potentialAction":[{"@type":"ReadAction","target":["https:\/\/juvigo.fr\/magazine\/devenir-animateur\/"]}]},{"@type":"ImageObject","inLanguage":"fr","@id":"https:\/\/juvigo.fr\/magazine\/devenir-animateur\/#primaryimage","url":"https:\/\/juvigo.fr\/magazine\/wp-content\/uploads\/2024\/06\/camping-4303357_1920.jpg","contentUrl":"https:\/\/juvigo.fr\/magazine\/wp-content\/uploads\/2024\/06\/camping-4303357_1920.jpg","width":1920,"height":1080},{"@type":"BreadcrumbList","@id":"https:\/\/juvigo.fr\/magazine\/devenir-animateur\/#breadcrumb","itemListElement":[{"@type":"ListItem","position":1,"name":"Juvigo-Magazine","item":"https:\/\/juvigo.fr\/magazine\/"},{"@type":"ListItem","position":2,"name":"Devenir animateur"}]},{"@type":"WebSite","@id":"https:\/\/juvigo.fr\/magazine\/#website","url":"https:\/\/juvigo.fr\/magazine\/","name":"Magazine","description":"Magazine Juvigo - Ton magazine sur les colonies de vacances et s\u00e9jours linguistiques.","publisher":{"@id":"https:\/\/juvigo.fr\/magazine\/#organization"},"potentialAction":[{"@type":"SearchAction","target":{"@type":"EntryPoint","urlTemplate":"https:\/\/juvigo.fr\/magazine\/?s={search_term_string}"},"query-input":{"@type":"PropertyValueSpecification","valueRequired":true,"valueName":"search_term_string"}}],"inLanguage":"fr"},{"@type":"Organization","@id":"https:\/\/juvigo.fr\/magazine\/#organization","name":"Juvigo GmbH","url":"https:\/\/juvigo.fr\/magazine\/","logo":{"@type":"ImageObject","inLanguage":"fr","@id":"https:\/\/juvigo.fr\/magazine\/#\/schema\/logo\/image\/","url":"https:\/\/juvigo.fr\/magazine\/wp-content\/uploads\/2022\/02\/magazine_logo_scaled.png","contentUrl":"https:\/\/juvigo.fr\/magazine\/wp-content\/uploads\/2022\/02\/magazine_logo_scaled.png","width":240,"height":100,"caption":"Juvigo GmbH"},"image":{"@id":"https:\/\/juvigo.fr\/magazine\/#\/schema\/logo\/image\/"},"sameAs":["https:\/\/de-de.facebook.com\/meinjuvigo","https:\/\/x.com\/meinjuvigo","http:\/\/instagram.com\/juvigo_de\/"]}]}},"wps_subtitle":"","coauthors":[],"author_meta":{"author_link":"https:\/\/juvigo.fr\/magazine\/author\/max\/","display_name":"Max"},"relative_dates":{"created":"Posted 2 years ago","modified":"Updated 6 months ago"},"absolute_dates":{"created":"Posted on 20-06-2024","modified":"Updated on 07-10-2025"},"absolute_dates_time":{"created":"Posted on 20-06-2024 14:26","modified":"Updated on 07-10-2025 17:28"},"featured_img_caption":"","featured_img":"https:\/\/juvigo.fr\/magazine\/wp-content\/uploads\/2024\/06\/camping-4303357_1920.jpg","series_order":"","_links":{"self":[{"href":"https:\/\/juvigo.fr\/magazine\/wp-json\/wp\/v2\/pages\/9360","targetHints":{"allow":["GET"]}}],"collection":[{"href":"https:\/\/juvigo.fr\/magazine\/wp-json\/wp\/v2\/pages"}],"about":[{"href":"https:\/\/juvigo.fr\/magazine\/wp-json\/wp\/v2\/types\/page"}],"author":[{"embeddable":true,"href":"https:\/\/juvigo.fr\/magazine\/wp-json\/wp\/v2\/users\/3"}],"replies":[{"embeddable":true,"href":"https:\/\/juvigo.fr\/magazine\/wp-json\/wp\/v2\/comments?post=9360"}],"version-history":[{"count":2,"href":"https:\/\/juvigo.fr\/magazine\/wp-json\/wp\/v2\/pages\/9360\/revisions"}],"predecessor-version":[{"id":10455,"href":"https:\/\/juvigo.fr\/magazine\/wp-json\/wp\/v2\/pages\/9360\/revisions\/10455"}],"wp:featuredmedia":[{"embeddable":true,"href":"https:\/\/juvigo.fr\/magazine\/wp-json\/wp\/v2\/media\/9346"}],"wp:attachment":[{"href":"https:\/\/juvigo.fr\/magazine\/wp-json\/wp\/v2\/media?parent=9360"}],"wp:term":[{"taxonomy":"category","embeddable":true,"href":"https:\/\/juvigo.fr\/magazine\/wp-json\/wp\/v2\/categories?post=9360"},{"taxonomy":"post_tag","embeddable":true,"href":"https:\/\/juvigo.fr\/magazine\/wp-json\/wp\/v2\/tags?post=9360"}],"curies":[{"name":"wp","href":"https:\/\/api.w.org\/{rel}","templated":true}]}}